 base 5, what is -120204 - -1311301?
1141042
In base 11, what is 25371740 - 1?
2537173a
In base 4, what is 30 - 130122003100?
-130122003010
In base 10, what is 141 - -322889?
323030
In base 7, what is 2 + 1226063341?
1226063343
In base 8, what is 7264 + -33477?
-24213
In base 10, what is 6214555 + -3?
6214552
In base 4, what is -13300102 + -21131232?
-101032000
In base 6, what is -24442323110 - 0?
-24442323110
In base 12, what is -14b1b4 - 5?
-14b1b9
In base 10, what is -60203894 + 4?
-60203890
In base 14, what is 300 + 8b27?
9027
In base 2, what is -101001111101110110000000 - -101?
-101001111101110101111011
In base 5, what is 22040 - 10411211?
-10334121
In base 14, what is 157a - 20126?
-1c98a
In base 8, what is 27 - -134116624?
134116653
In base 10, what is -2 - -15545411?
15545409
In base 14, what is -1897a - 2c2d?
-1b7a9
In base 5, what is -1214004 + -4120?
-1223124
In base 16, what is -b - -70d35d?
70d352
In base 6, what is -142511423 + -1?
-142511424
In base 12, what is 4a - 160121?
-160093
In base 5, what is -3212 - 123342324?
-123401041
In base 12, what is 4 - -56a00238?
56a00240
In base 5, what is -303032004 + -12?
-303032021
In base 4, what is -12032 - 101021032?
-101033130
In base 2, what is -10000010011100100000 - 1010?
-10000010011100101010
In base 12, what is -1 + b985088?
b985087
In base 6, what is -1 + -330121342?
-330121343
In base 13, what is -5 + 1372686?
1372681
In base 7, what is 4 - 500111253?
-500111246
In base 11, what is -5174 + 4326?
-949
In base 11, what is 1300 - -86a69?
88269
In base 7, what is -2 - -134513463?
134513461
In base 13, what is 370 + 138229?
138599
In base 10, what is 85922 - 215?
85707
In base 8, what is 231677 + -733?
230744
In base 6, what is 230012342 - 4?
230012334
In base 2, what is -100000 - 1010011101111001000110?
-1010011101111001100110
In base 4, what is 10 + 10131022233?
10131022303
In base 12, what is 4b87 - 24b?
4938
In base 2, what is 1010111101000 - -110011101100101?
111110101001101
In base 16, what is 46 - -21cf9?
21d3f
In base 10, what is 1044 + 135425?
136469
In base 4, what is -3013213102 + -11?
-3013213113
In base 13, what is -2a94 - 142b?
-41c2
In base 12, what is 988a + -1bb6?
7894
In base 8, what is -55 + 21071324?
21071247
In base 2, what is 110111001100000001 - 111?
110111001011111010
In base 4, what is 232323 + -13331?
212332
In base 2, what is 10101100001100 - 110010?
10101011011010
In base 3, what is 202212120002 - 1110?
202212111122
In base 2, what is 100010000 + -1000100000000?
-111111110000
In base 12, what is 13b4822b - 5?
13b48226
In base 9, what is 154 + -502318?
-502154
In base 14, what is 1ac2a5a - 0?
1ac2a5a
In base 4, what is 23 + -303231301100?
-303231301011
In base 14, what is -2968 + -88?
-2a12
In base 7, what is -5642005523 + 10?
-5642005513
In base 6, what is -501523 + 54?
-501425
In base 11, what is -111 + -525145?
-525256
In base 13, what is 212a + -2810?
-6b3
In base 14, what is -3 + -10b60d2?
-10b60d5
In base 2, what is -10111000100111001010 + 10000011?
-10111000100101000111
In base 9, what is 88207 - -84?
88302
In base 12, what is b1704 + -87a?
b0a46
In base 15, what is -5 + 5a56535?
5a56530
In base 15, what is -5ab7 + 5311?
-7a6
In base 5, what is 44 + -2440130?
-2440031
In base 2, what is -10110 - -1001100110011011001001?
1001100110011010110011
In base 7, what is -10 + -156520431?
-156520441
In base 4, what is -2 + 3232211213?
3232211211
In base 8, what is -1447 + 260?
-1167
In base 2, what is -11111011100000110011 - -1001001001?
-11111011010111101010
In base 14, what is 3 + -c9c30?
-c9c2b
In base 2, what is 1111011011000110101 + -110000?
1111011011000000101
In base 9, what is 118 + 218127?
218246
In base 14, what is 49a5 + -175bc?
-12a17
In base 13, what is 4 + -17414cb?
-17414c7
In base 14, what is -5 + 5c737a?
5c7375
In base 2, what is -110001011011100 - -11000011?
-110001000011001
In base 15, what is b0dc5b - -b?
b0dc67
In base 2, what is -1000110000 + 1001111010?
1001010
In base 16, what is 2 + 306d74?
306d76
In base 16, what is 1c85ab + 2e?
1c85d9
In base 6, what is -31125255 + 54?
-31125201
In base 13, what is 59b - 3744?
-3176
In base 2, what is -10000101001010 + -10100100?
-10000111101110
In base 4, what is -1210 - -23112020333?
23112013123
In base 9, what is -27828343 + 2?
-27828341
In base 3, what is -100 - 1001201212111?
-1001201212211
In base 5, what is -223433 + 404430?
130442
In base 9, what is -31857734 + 21?
-31857713
In base 4, what is 133322 + 1110002022?
1110202010
In base 15, what is -2 - -1765593?
1765591
In base 4, what is -2330230322101 - 100?
-2330230322201
In base 12, what is 1676423 - 0?
1676423
In base 3, what is 101102 + 11200102120?
11200210222
In base 4, what is 0 - 22100330030?
-22100330030
In base 5, what is 121340203014 - -2?
121340203021
In base 14, what is 5b5684d5 + -4?
5b5684d1
In base 11, what is 11a + 10709?
10828
In base 12, what is -320588 + -6?
-320592
In base 10, what is -50 + -13395?
-13445
In base 5, what is 4 - 4112223221?
-4112223212
In base 15, what is -2 - 1e6302?
-1e6304
In base 10, what is 151888 + 148?
152036
In base 2, what is 101010 - 10001000100011101100?
-10001000100011000010
In base 14, what is 13 + -4bac36?
-4bac23
In base 8, what is -7651242 - 33?
-7651275
In base 13, what is -4465 + -102cc?
-14764
In base 14, what is -5 + 4d322a4?
4d3229d
In base 11, what is 70441 + -130?
70311
In base 16, what is -15 + 8494?
847f
In base 4, what is -102122 - 102133011?
-102301133
In base 11, what is a37958 - 2?
a37956
In base 8, what is -3204 - 220343?
-223547
In base 8, what is 17 - -501542?
501561
In base 16, what is 5 - -107ef2?
107ef7
In base 13, what is 429a781 + -17?
429a767
In base 2, what is 10100100 - -10111111110010111?
11000000000111011
In base 2, what is 101 + -10100100110110101011000?
-10100100110110101010011
In base 2, what is 1011 - 1100100100101111110?
-1100100100101110011
In base 4, what is 20 - -302130122?
302130202
In base 11, what is -4 + -230230?
-230234
In base 6, what is -321 + -15521433?
-15522154
In base 7, what is 1242110443 - -6?
1242110452
In base 5, what is 3 - 2441032241?
-2441032233
In base 3, what is 201200100 - 121121?
201001202
In base 12, what is baba5b7 - 5?
baba5b2
In base 10, what is -8 - -829716?
829708
In base 5, what is 40 + 11223220?
11223310
In base 6, what is 1055205 + 230052?
1325301
In base 8, what is -2363142 - -23?
-2363117
In base 9, what is 1322550 - 1074?
1321465
In base 5, what is -2301004 + -1142?
-2302201
In base 2, what is -1000011110101100011 + -100011?
-1000011110110000110
In base 14, what is 3c67106 - -3?
3c67109
In base 6, what is 4014402103 - 2?
4014402101
In base 4, what is -1120202 + 22121?
-1032021
In base 11, what is -2a8 + -43aa7?
-442a4
In base 3, what is 2212102010 + 11010?
2212120020
In base 10, what is 396320616 - -5?
396320621
In base 8, what is -2175 + -147204?
-151401
In base 9, what is -1233 - 83?
-1326
In base 13, what is 4929570 + 1?
4929571
In base 7, what is -43 + 15406?
15333
In base 15, what is 3d275de + -3?
3d275db
In base 4, what is 103 - 1333303011?
-1333302302
In base 8, what is -10627 + 263061?
252232
In base 7, what is -22511 - 1035?
-23546
In base 4, what is -21333100223 - -22?
-21333100201
In base 2, what is -1110010011100100 + -111001010?
-1110011010101110
In base 6, what is -2232 + 12013?
5341
In base 4, what is -111 - -32221030031?
32221023320
In base 2, what is -10 + 10011111010100101000111011110?
10011111010100101000111011100
In base 2, what is -1011010 - 1011000011010110000?
-1011000011100001010
In base 14, what is 3dcb7b + -4?
3dcb77
In base 6, what is 211222211 - 1?
211222210
In base 5, what is -21 + -2042222201?
-2042222222
In base 11, what is -161336 - -11?
-161325
In base 16, what is 1174df + 53?
117532
In base 15, what is 1070ce - 52e?
106aa0
In base 15, what is -2d933a3 - -2?
-2d933a1
In base 3, what is 11221 + -111211101211022?
-111211101122101
In base 2, what is -1010100100111010100010011 + 11?
-1010100100111010100010000
In base 15, what is 6da68 - 1a?
6da4d
In base 6, what is -133 + 141243?
141110
In base 3, what is 11020101102221 - -12?
11020101110010
In base 14, what is -1d2a8 + -37?
-1d301
In base 7, what is 132 - 20350?
-20215
In base 5, what is 11001214 - 224?
11000440
In base 8, what is -206216562